{"id":4400,"date":"2022-04-26T15:04:19","date_gmt":"2022-04-26T15:04:19","guid":{"rendered":"https:\/\/hkgeoengineering.com\/?page_id=4400"},"modified":"2023-09-28T06:41:43","modified_gmt":"2023-09-28T06:41:43","slug":"developpement-et-gestion-des-projets-miniers-gsminings","status":"publish","type":"page","link":"https:\/\/gsminings.com\/index.php\/developpement-et-gestion-des-projets-miniers-gsminings\/","title":{"rendered":"D\u00e9veloppement et gestion des projets miniers"},"content":{"rendered":"[vc_section full_width=\u00a0\u00bbstretch_row\u00a0\u00bb full_height=\u00a0\u00bbyes\u00a0\u00bb content_placement=\u00a0\u00bbmiddle\u00a0\u00bb pix_over_visibility=\u00a0\u00bb\u00a0\u00bb bottom_divider_select=\u00a0\u00bb9&Prime; bottom_layers=\u00a0\u00bb1&Prime; top_divider_select=\u00a0\u00bb9&Prime; top_layers=\u00a0\u00bb1&Prime; css=\u00a0\u00bb.vc_custom_1651253286232{background-color: #f8f9fa !important;}\u00a0\u00bb][vc_row full_width=\u00a0\u00bbstretch_row\u00a0\u00bb content_placement=\u00a0\u00bbmiddle\u00a0\u00bb pix_particles_check=\u00a0\u00bb\u00a0\u00bb css=\u00a0\u00bb.vc_custom_1651253376224{margin-top: -50px !important;padding-top: 20px !important;padding-bottom: 20px !important;}\u00a0\u00bb][vc_column width=\u00a0\u00bb1\/2&Prime;]<div class=\"text-left  vc_custom_1651250664044\"><div><h1 class=\"pix-headline my-3  zoom text-heading-default font-weight-bold  secondary-font animate-in\" style=\"\" data-anim-type=\"fade-in\" data-anim-delay=\"200\" ><span>D\u00e9veloppement et gestion des projets miniers <\/span><span class=\"pix-words-wrapper\"><span class=\"is-visible \" ><\/span> <\/span><span><\/span><\/h1><\/div><\/div><div class=\"pix-el-text slide-in-container w-100   vc_custom_1695685825637\" ><div class=\"d-inline-block\" style=\"max-width:550px;\"><p class=\"text-20  text-body-default  font-weight-bold\" ><span class=\"animate-in d-inline-block\" data-anim-delay=\"300\" data-anim-type=\"fade-in-up\">Plus de soucis \u00e0 faire pour vos projets en cours dans la sous r\u00e9gion ouest-africaine.\r\nGlobal Spirit Mining dispose d&rsquo;une \u00e9quipe qualifi\u00e9e pour la gestion des projets miniers avec les nouvelles technologies efficaces et efficientes<\/span><\/p><\/div><\/div>[\/vc_column][vc_column width=\u00a0\u00bb1\/2&Prime; css=\u00a0\u00bb.vc_custom_1651250034158{margin-top: -80px !important;padding-top: 30px !important;}\u00a0\u00bb]<div class=\"pix-photo-stack   vc_custom_1651144441300\"><div class=\"img-el\" ><div class=\"animate-in d-inline-block w-100\" data-anim-type=\"fade-in-up\" data-anim-delay=\"600\"><img decoding=\"async\" width=\"750\" height=\"788\" class=\"pix-lazy rounded-lg shadow-lg shadow-hover-lg scale-sm d-inline-block\" loading=\"lazy\" data-srcset=\"https:\/\/gsminings.com\/wp-content\/uploads\/2022\/04\/ddddddd-1-286x300.jpg 286w, https:\/\/gsminings.com\/wp-content\/uploads\/2022\/04\/ddddddd-1.jpg 750w\" src=\"https:\/\/gsminings.com\/wp-content\/plugins\/pixfort-core\/functions\/images\/loading.webp\" data-src=\"https:\/\/gsminings.com\/wp-content\/uploads\/2022\/04\/ddddddd-1.jpg\" alt=\"\" \/><\/div><\/div><\/div>[\/vc_column][\/vc_row][\/vc_section]","protected":false},"excerpt":{"rendered":"[vc_section full_width=\u00a0\u00bbstretch_row\u00a0\u00bb full_height=\u00a0\u00bbyes\u00a0\u00bb content_placement=\u00a0\u00bbmiddle\u00a0\u00bb pix_over_visibility=\u00a0\u00bb\u00a0\u00bb bottom_divider_select=\u00a0\u00bb9&Prime; bottom_layers=\u00a0\u00bb1&Prime; top_divider_select=\u00a0\u00bb9&Prime; top_layers=\u00a0\u00bb1&Prime; css=\u00a0\u00bb.vc_custom_1651253286232{background-color: #f8f9fa !important;}\u00a0\u00bb][vc_row full_width=\u00a0\u00bbstretch_row\u00a0\u00bb content_placement=\u00a0\u00bbmiddle\u00a0\u00bb pix_particles_check=\u00a0\u00bb\u00a0\u00bb css=\u00a0\u00bb.vc_custom_1651253376224{margin-top: -50px !important;padding-top: 20px !important;padding-bottom: 20px !important;}\u00a0\u00bb][vc_column width=\u00a0\u00bb1\/2&Prime;][\/vc_column][vc_column width=\u00a0\u00bb1\/2&Prime; css=\u00a0\u00bb.vc_custom_1651250034158{margin-top: -80px !important;padding-top: 30px !important;}\u00a0\u00bb][\/vc_column][\/vc_row][\/vc_section]","protected":false},"author":1,"featured_media":0,"parent":0,"menu_order":0,"comment_status":"closed","ping_status":"closed","template":"","meta":{"footnotes":""},"class_list":["post-4400","page","type-page","status-publish","hentry"],"yoast_head":"<!-- This site is optimized with the Yoast SEO plugin v18.6 - https:\/\/yoast.com\/wordpress\/plugins\/seo\/ -->\n<title>D\u00e9veloppement et gestion des projets miniers - gsminings<\/title>\n<meta name=\"description\" content=\"Plus de soucis \u00e0 faire pour vos projets en cours dans la sous r\u00e9gion ouest-africaine. Global Spirit Mining dispose une \u00e9quipe qualifi\u00e9e pour la gestion des projets miniers avec les nouvelles technologies efficaces et efficientes.\" \/>\n<meta name=\"robots\" content=\"index, follow, max-snippet:-1, max-image-preview:large, max-video-preview:-1\" \/>\n<link rel=\"canonical\" href=\"https:\/\/gsminings.com\/index.php\/developpement-et-gestion-des-projets-miniers-gsminings\/\" \/>\n<meta property=\"og:locale\" content=\"fr_FR\" \/>\n<meta property=\"og:type\" content=\"article\" \/>\n<meta property=\"og:title\" content=\"D\u00e9veloppement et gestion des projets miniers - gsminings\" \/>\n<meta property=\"og:description\" content=\"Plus de soucis \u00e0 faire pour vos projets en cours dans la sous r\u00e9gion ouest-africaine. Global Spirit Mining dispose une \u00e9quipe qualifi\u00e9e pour la gestion des projets miniers avec les nouvelles technologies efficaces et efficientes.\" \/>\n<meta property=\"og:url\" content=\"https:\/\/gsminings.com\/index.php\/developpement-et-gestion-des-projets-miniers-gsminings\/\" \/>\n<meta property=\"og:site_name\" content=\"gsminings\" \/>\n<meta property=\"article:modified_time\" content=\"2023-09-28T06:41:43+00:00\" \/>\n<meta name=\"twitter:card\" content=\"summary_large_image\" \/>\n<meta name=\"twitter:label1\" content=\"Dur\u00e9e de lecture estim\u00e9e\" \/>\n\t<meta name=\"twitter:data1\" content=\"1 minute\" \/>\n<script type=\"application\/ld+json\" class=\"yoast-schema-graph\">{\"@context\":\"https:\/\/schema.org\",\"@graph\":[{\"@type\":\"Organization\",\"@id\":\"https:\/\/gsminings.com\/#organization\",\"name\":\"h.k geoengineering\",\"url\":\"https:\/\/gsminings.com\/\",\"sameAs\":[],\"logo\":{\"@type\":\"ImageObject\",\"@id\":\"https:\/\/gsminings.com\/#logo\",\"inLanguage\":\"fr-FR\",\"url\":\"https:\/\/hkgeoengineering.com\/wp-content\/uploads\/2022\/04\/cropped-Logo-AI-1.png\",\"contentUrl\":\"https:\/\/hkgeoengineering.com\/wp-content\/uploads\/2022\/04\/cropped-Logo-AI-1.png\",\"width\":512,\"height\":512,\"caption\":\"h.k geoengineering\"},\"image\":{\"@id\":\"https:\/\/gsminings.com\/#logo\"}},{\"@type\":\"WebSite\",\"@id\":\"https:\/\/gsminings.com\/#website\",\"url\":\"https:\/\/gsminings.com\/\",\"name\":\"gsminings\",\"description\":\"Global Spirit Mining les sp\u00e9cialiste en mati\u00e8re de mine\",\"publisher\":{\"@id\":\"https:\/\/gsminings.com\/#organization\"},\"potentialAction\":[{\"@type\":\"SearchAction\",\"target\":{\"@type\":\"EntryPoint\",\"urlTemplate\":\"https:\/\/gsminings.com\/?s={search_term_string}\"},\"query-input\":\"required name=search_term_string\"}],\"inLanguage\":\"fr-FR\"},{\"@type\":\"WebPage\",\"@id\":\"https:\/\/gsminings.com\/index.php\/developpement-et-gestion-des-projets-miniers-gsminings\/#webpage\",\"url\":\"https:\/\/gsminings.com\/index.php\/developpement-et-gestion-des-projets-miniers-gsminings\/\",\"name\":\"D\u00e9veloppement et gestion des projets miniers - gsminings\",\"isPartOf\":{\"@id\":\"https:\/\/gsminings.com\/#website\"},\"datePublished\":\"2022-04-26T15:04:19+00:00\",\"dateModified\":\"2023-09-28T06:41:43+00:00\",\"description\":\"Plus de soucis \u00e0 faire pour vos projets en cours dans la sous r\u00e9gion ouest-africaine. Global Spirit Mining dispose une \u00e9quipe qualifi\u00e9e pour la gestion des projets miniers avec les nouvelles technologies efficaces et efficientes.\",\"breadcrumb\":{\"@id\":\"https:\/\/gsminings.com\/index.php\/developpement-et-gestion-des-projets-miniers-gsminings\/#breadcrumb\"},\"inLanguage\":\"fr-FR\",\"potentialAction\":[{\"@type\":\"ReadAction\",\"target\":[\"https:\/\/gsminings.com\/index.php\/developpement-et-gestion-des-projets-miniers-gsminings\/\"]}]},{\"@type\":\"BreadcrumbList\",\"@id\":\"https:\/\/gsminings.com\/index.php\/developpement-et-gestion-des-projets-miniers-gsminings\/#breadcrumb\",\"itemListElement\":[{\"@type\":\"ListItem\",\"position\":1,\"name\":\"Accueil\",\"item\":\"https:\/\/gsminings.com\/\"},{\"@type\":\"ListItem\",\"position\":2,\"name\":\"D\u00e9veloppement et gestion des projets miniers\"}]}]}<\/script>\n<!-- \/ Yoast SEO plugin. -->","yoast_head_json":{"title":"D\u00e9veloppement et gestion des projets miniers - gsminings","description":"Plus de soucis \u00e0 faire pour vos projets en cours dans la sous r\u00e9gion ouest-africaine. Global Spirit Mining dispose une \u00e9quipe qualifi\u00e9e pour la gestion des projets miniers avec les nouvelles technologies efficaces et efficientes.","robots":{"index":"index","follow":"follow","max-snippet":"max-snippet:-1","max-image-preview":"max-image-preview:large","max-video-preview":"max-video-preview:-1"},"canonical":"https:\/\/gsminings.com\/index.php\/developpement-et-gestion-des-projets-miniers-gsminings\/","og_locale":"fr_FR","og_type":"article","og_title":"D\u00e9veloppement et gestion des projets miniers - gsminings","og_description":"Plus de soucis \u00e0 faire pour vos projets en cours dans la sous r\u00e9gion ouest-africaine. Global Spirit Mining dispose une \u00e9quipe qualifi\u00e9e pour la gestion des projets miniers avec les nouvelles technologies efficaces et efficientes.","og_url":"https:\/\/gsminings.com\/index.php\/developpement-et-gestion-des-projets-miniers-gsminings\/","og_site_name":"gsminings","article_modified_time":"2023-09-28T06:41:43+00:00","twitter_card":"summary_large_image","twitter_misc":{"Dur\u00e9e de lecture estim\u00e9e":"1 minute"},"schema":{"@context":"https:\/\/schema.org","@graph":[{"@type":"Organization","@id":"https:\/\/gsminings.com\/#organization","name":"h.k geoengineering","url":"https:\/\/gsminings.com\/","sameAs":[],"logo":{"@type":"ImageObject","@id":"https:\/\/gsminings.com\/#logo","inLanguage":"fr-FR","url":"https:\/\/hkgeoengineering.com\/wp-content\/uploads\/2022\/04\/cropped-Logo-AI-1.png","contentUrl":"https:\/\/hkgeoengineering.com\/wp-content\/uploads\/2022\/04\/cropped-Logo-AI-1.png","width":512,"height":512,"caption":"h.k geoengineering"},"image":{"@id":"https:\/\/gsminings.com\/#logo"}},{"@type":"WebSite","@id":"https:\/\/gsminings.com\/#website","url":"https:\/\/gsminings.com\/","name":"gsminings","description":"Global Spirit Mining les sp\u00e9cialiste en mati\u00e8re de mine","publisher":{"@id":"https:\/\/gsminings.com\/#organization"},"potentialAction":[{"@type":"SearchAction","target":{"@type":"EntryPoint","urlTemplate":"https:\/\/gsminings.com\/?s={search_term_string}"},"query-input":"required name=search_term_string"}],"inLanguage":"fr-FR"},{"@type":"WebPage","@id":"https:\/\/gsminings.com\/index.php\/developpement-et-gestion-des-projets-miniers-gsminings\/#webpage","url":"https:\/\/gsminings.com\/index.php\/developpement-et-gestion-des-projets-miniers-gsminings\/","name":"D\u00e9veloppement et gestion des projets miniers - gsminings","isPartOf":{"@id":"https:\/\/gsminings.com\/#website"},"datePublished":"2022-04-26T15:04:19+00:00","dateModified":"2023-09-28T06:41:43+00:00","description":"Plus de soucis \u00e0 faire pour vos projets en cours dans la sous r\u00e9gion ouest-africaine. Global Spirit Mining dispose une \u00e9quipe qualifi\u00e9e pour la gestion des projets miniers avec les nouvelles technologies efficaces et efficientes.","breadcrumb":{"@id":"https:\/\/gsminings.com\/index.php\/developpement-et-gestion-des-projets-miniers-gsminings\/#breadcrumb"},"inLanguage":"fr-FR","potentialAction":[{"@type":"ReadAction","target":["https:\/\/gsminings.com\/index.php\/developpement-et-gestion-des-projets-miniers-gsminings\/"]}]},{"@type":"BreadcrumbList","@id":"https:\/\/gsminings.com\/index.php\/developpement-et-gestion-des-projets-miniers-gsminings\/#breadcrumb","itemListElement":[{"@type":"ListItem","position":1,"name":"Accueil","item":"https:\/\/gsminings.com\/"},{"@type":"ListItem","position":2,"name":"D\u00e9veloppement et gestion des projets miniers"}]}]}},"_links":{"self":[{"href":"https:\/\/gsminings.com\/index.php\/wp-json\/wp\/v2\/pages\/4400","targetHints":{"allow":["GET"]}}],"collection":[{"href":"https:\/\/gsminings.com\/index.php\/wp-json\/wp\/v2\/pages"}],"about":[{"href":"https:\/\/gsminings.com\/index.php\/wp-json\/wp\/v2\/types\/page"}],"author":[{"embeddable":true,"href":"https:\/\/gsminings.com\/index.php\/wp-json\/wp\/v2\/users\/1"}],"replies":[{"embeddable":true,"href":"https:\/\/gsminings.com\/index.php\/wp-json\/wp\/v2\/comments?post=4400"}],"version-history":[{"count":10,"href":"https:\/\/gsminings.com\/index.php\/wp-json\/wp\/v2\/pages\/4400\/revisions"}],"predecessor-version":[{"id":5273,"href":"https:\/\/gsminings.com\/index.php\/wp-json\/wp\/v2\/pages\/4400\/revisions\/5273"}],"wp:attachment":[{"href":"https:\/\/gsminings.com\/index.php\/wp-json\/wp\/v2\/media?parent=4400"}],"curies":[{"name":"wp","href":"https:\/\/api.w.org\/{rel}","templated":true}]}}